1, -2 = 2*q + 2*j - 0. Let f(z) = 4*z**2 - 2*z - 2. Calculate f(q).
10
Let s = -246 - -282. Let k be -7 + 2/(-4) + s/8. Let m(c) = c + 1. Calculate m(k).
-2
Let z(s) = -4*s. Let d = -100 - -105. Suppose -27 + 32 = -d*m. Give z(m).
4
Let m(j) = j**2 - 4*j - 16. Let f be -4 - ((-12)/(-4))/(93/(-9) - -10). Calculate m(f).
-11
Let u(a) = -a - 109. Let t(g) = 52. Let d(w) = 13*t(w) + 6*u(w). Calculate d(6).
-14
Let a(y) = -y**3 + 5*y**2 - 3*y - 2. Let u be a(4). Let x(z) = -z - 7 - u + 6. Let t = -854 + 850. What is x(t)?
1
Suppose -r + 90 = -0*f - 5*f, 0 = -5*f + 4*r - 105. Let m = f + 14. Let c(l) be the third derivative of -l**5/60 - l**4/12 - l**3/2 + l**2 + 11*l. What is c(m)?
-6
Let n(v) = 61 + 14*v + 8 - 51 - 96 - 52. What is n(10)?
10
Let a(w) be the first derivative of -w**4/4 - 5*w**3/3 + 5*w**2/2 + 7*w + 1. Suppose -46 + 3176 = 10*y. Let v = 307 - y. What is a(v)?
13
Let n(l) = -10*l**3 - 7*l**2 - 6*l - 4. Let w(x) = -53*x**3 - 38*x**2 - 32*x - 20. Let h(d) = -16*n(d) + 3*w(d). What is h(2)?
4
Let u(r) = -3*r - 8. Let h = -43 - -55. Let a be (26/(-42) - 6/(-21))*h. What is u(a)?
4
Let k(o) = -6*o**2 - 1 + 5*o**2 + 87081*o - 87079*o. What is k(7)?
-36
Let c(w) = 48*w + 2. Let m(v) = -191*v - 7. Let q(i) = -4*c(i) - m(i). What is q(9)?
-10
Let t(s) = -13*s - 133 - 32*s + 75*s - 23*s. Calculate t(18).
-7
Let y(w) = 22*w**3 - w. Let g(r) = 5*r - 90. Let m be g(55). Let s be -4*1 - m/(-37). Determine y(s).
21
Suppose -7*j - 3 = -8*j. Let m(n) = -2*n - 11. Let g(a) = -3*a - 23. Let f(y) = j*g(y) - 5*m(y). Let w(k) = -7. Let z(c) = 2*f(c) - 5*w(c). Determine z(-6).
-5
Let t(c) = -c**2 - 9*c + 25. Suppose -3*g = 5*z + 73, 17*z = 4*g + 13*z + 12. Calculate t(g).
3
Let z(r) = -7*r**2 + r - 27. Let u(a) = -7*a**2 - 26. Let v(b) = -2*u(b) + 3*z(b). Let i(x) be the first derivative of v(x). Give i(2).
-25
Let i be 1*((-4)/18 + (-2896)/(-72)). Suppose 3*n + i = 52. Let k(g) = -5*g**2 + 1 - 4 + 8*g**2 + 1 - n*g**3 + g. Give k(2).
-20
Let m = -9415 + 9419. Let h = 10 + -7. Let t(q) = -5*q + q + 3 + h*q. Determine t(m).
-1
Let t(r) = -29*r - 1. Let z(v) = -2*v**3 - 4*v**2 - 142*v + 3. Let h(f) = 5*t(f) - z(f). Calculate h(4).
172
Let x(g) = -12*g**3. Let s(t) be the third derivative of t**3/6 + 76*t**2. Suppose -5 = -j + 4*j + 2*b, -2*b = -j + 9. Let i(o) = j*s(o) - x(o). What is i(1)?
13
Let d(z) = -z**2 + 10*z - 15. Suppose -55*w + 790 = 24*w. What is d(w)?
-15
Let j(z) = 10*z**2 + 5 + 32081535*z**3 - 14 - 32081536*z**3. Calculate j(10).
-9
Let c(h) = 7*h**3 + h**2 - 7*h + 3. Let n(b) = -11*b**3 - 2*b**2 + 11*b - 5. Let z(i) = -8*c(i) - 5*n(i). Suppose -59*d - 174 = -176*d + 177. What is z(d)?
-5
Let t = -50 - -55. Suppose -4*o - 29 = -t. Let z(v) be the first derivative of -v**2/2 - 9*v - 4. Calculate z(o).
-3
Suppose -9*b - 54 = 11*b - 14*b. Let t(l) = -17*l - 150. Determine t(b).
3
Let b(k) be the third derivative of -k**5/60 - k**4/3 + 8*k**3/3 + 6*k**2 + 5. Let v be b(-10). Let u(o) = -6*o - 5. What is u(v)?
19
Let m(d) = d**3 + 15*d**2 - 20*d - 32. Let u = 12977 + -12993. Determine m(u).
32
Suppose 69 = -3*l - 3*u, 45 = -5*l + 2*u - 70. Let f(v) = -v**2 - 23*v + 5. Give f(l).
5
Let q(v) = 87 + 4*v + 0*v - 65 + 72. Determine q(-31).
-30
Let s(k) = 2*k**2 - 5*k**3 - 7*k**3 + 8*k + 11*k**3 + 3 - 9*k**2. Let g be (-33)/4 - (-2)/8. Determine s(g).
3
Suppose 101 - 113 = -4*d. Let s(r) = 7*r + 9*r**2 + 4*r - 6*r + 9 + r**d + 5*r. What is s(-8)?
-7
Let t(v) = -3*v + 0*v + 0 + 2 - v**2 + 2. Let r = -34 + 40. Let h be 8/r - (-39)/(-9). Determine t(h).
4
Let i(q) be the first derivative of -1/20*q**5 + 1/3*q**4 + 4/3*q**3 - 5 + 6*q - 7/2*q**2. Let y(s) be the first derivative of i(s). What is y(5)?
8
Let s(n) = -n**2 - 30*n - 192. Let u(z) = z**2 - 236*z - 1962. Let l be u(-8). What is s(l)?
8
Let r(t) = 3*t**2 - 2*t. Let n(v) = 4*v**2 - 3*v + 1. Let c(w) = -2*n(w) + 3*r(w). Suppose 0 = -148*f + 143*f - 25. What is c(f)?
23
Suppose -3*w - 5*d - 36 = 0, -28 = -w + 3*d - 40. Let u(z) = 4*z**2 + 15*z - 7. Let v(o) = -o**2 - o + 1. Let s(g) = u(g) + 3*v(g). Calculate s(w).
-4
Suppose 24*i - 26*i + m = -34, 0 = 2*i + 2*m - 22. Let h(d) = -17 + d**2 - 21*d + 23*d + i. Give h(-7).
33
Let p(m) be the first derivative of -m**5/60 - 3*m**4/8 + m**3/2 + 133*m**2/2 - 18. Let w(o) be the second derivative of p(o). Calculate w(-10).
-7
Let b(k) be the first derivative of -k**3/3 - 10*k**2 - 7*k - 642. Determine b(-14).
77
Let u(w) be the third derivative of w**4/12 - 7*w**3/6 - w**2 + 1658*w. Calculate u(5).
3
Let b = -123 + 228. Let o(q) = -1 + 4*q**2 - 104*q**3 + b*q**3 + 4*q + 6. Give o(-4).
-11
Let g = -562/3 - -1127/6. Let p(y) be the first derivative of 7*y - g*y**2 + 4. Give p(-6).
13
Let y = -109 + 129. Suppose -5*j = -2*j - 4*i + y, -4*j - 34 = 2*i. Let o(g) = g**3 + 8*g**2 + g + 4. Give o(j).
-4
Let m(t) = 119 + 118 - 6*t + 15*t + 56. Let v be m(-32). Let r(z) = 4*z - 22. Determine r(v).
-2
Let p(i) be the second derivative of -i**3/6 - 4*i**2 - i. Let z = -24643 + 24636. Give p(z).
-1
Let r be 1/(((-1)/(-9))/(-1)). Let x(p) = 25*p + 9. Let l(h) = -4*h - 2. Suppose -j = 4*w + 14, -5 + 42 = 2*j - 5*w. Let m(i) = j*l(i) + x(i). Determine m(r).
-12
Let o(j) be the second derivative of j**5/20 - 11*j**4/12 - 11*j**3/6 + 23*j**2/2 - 219*j - 7. Determine o(12).
35
Let f(n) = 5*n**2 + 33*n + 20. Let c be f(-6). Let a be (12/8)/((-6)/(-8)). Let u(r) = c - 2*r**3 - 7 + 6*r**a + 5*r**3 - 2*r**3 - r. What is u(-6)?
1
Suppose -10*p + 8*p = -8. Suppose 1 + 4 = -p*r - 5*m, -5*r - 5*m = 0. Let z(s) = 0 - 6*s + 3 + 1734*s**2 - 1733*s**2. Determine z(r).
-2
Let d = -18 + 77. Suppose 0 = 5*o - d + 49. Let v(l) = l**3 - 15*l**2 + 7*l**o + 12*l**2 + 2 - 2*l. Determine v(-4).
10
Let s(c) be the second derivative of -c**4/12 - c**3/6 - c**2/2 + 160*c. Let j(w) = 6*w**2 - 3. Let k(b) = j(b) + 4*s(b). Give k(4).
9
Let h(v) = -6 - 5 - v + 4 - 11. Let w(o) = -4*o - 76. Let n(k) = -26*h(k) + 6*w(k). Give n(-8).
-4
Suppose 2*l = -4*k - 8, -5*l = -2*l - 5*k - 21. Let m = -644 + 651. Let w(c) = -m - l + c + 8. Calculate w(0).
-1
Let i(u) = u**3 - 5*u**2 + 5*u - 2. Let x(g) = 10*g - 74. Let j be x(5). Let k be 5 - j/(-3) - -6. Give i(k).
-5
Suppose -3*l + 61*m + 7 = 59*m, m - 7 = -2*l. Let h(i) be the second derivative of -i**l + 0 + 3*i**2 + 1/12*i**4 + 23*i. Give h(6).
6
Let m(k) be the second derivative of -k**5/40 + k**4/12 - k**3/3 + 4*k. Let l(b) be the second derivative of m(b). Suppose 0 = -r - 0*r - 4. Determine l(r).
14
Let d(x) be the second derivative of -x**5/20 + x**4/3 + x**3/6 + x**2/2 + x. Let g be 54/4*-4*(2 + 4). Let w = g + 328. Determine d(w).
5
Let s(q) = q**3 + 7*q**2 + 6*q - 4. Let c be 182 - (0 + -7 + 2). Let n = -192 + c. Give s(n).
16
Let y(x) = 6*x. Let t(p) = -25*p + 10. Let r(k) = t(k) + 4*y(k). Determine r(-8).
18
Let b(h) = -h**3 - 11*h**2 - 11*h + 9. Let f(x) = x**3 - 59*x**2 - 6*x + 344. Let w be f(59). Determine b(w).
19
Let d(n) = -2*n. Let t be (79 - 74)*2/(-2). Let m(a) be the second derivative of -a**4/12 - 5*a**3/6 - a**2/2 + 5*a. Let r be m(t). What is d(r)?
2
Let k(z) = -8*z**3 + 36*z**2 + 19*z - 98. Let g(p) = -5*p**3 + 17*p**2 + 12*p - 49. Let x(s) = -5*g(s) + 3*k(s). What is x(-23)?
20
Let l be 30/(-345) - (-136)/(-23). Let q be (-48)/(-18)*l/(-4). Let y(b) = -b**3 + 4*b**2 - 3*b + 1. Give y(q).
-11
Suppose -3*i = 3*s + 30, -3*i + s - 5 = 1. Let p(b) = 5*b + 2. Calculate p(i).
-18
Let w = 347 + -355. Let h(v) = -2*v + 3. Let r(a) = -5*a + 7. Let z(t) = w*h(t) + 3*r(t). What is z(4)?
1
Let u(g) = 20*g + 997. Let t be u(-50). Let s(l) = -3*l**2 - 7*l + 6. What is s(t)?
0
Suppose -5*s = -41*y + 37*y + 9, 0 = -2*s + 4*y - 6. Let u(r) = 37*r**3 + 2*r + 1. Give u(s).
-38
Let y = 36259/31074 - 1/5179. Let p(b) be the second derivative of 1/20*b**5 - 9/2*b**2 + 5/12*b**4 - 7*b - y*b**3 + 0. What is p(-6)?
-3
Let j(k) = -6*k**2 + k - 5. Let r(f) = -12*f**2 + 2*f - 11. Suppose -2*x - 3*l - 9 = 0, -4*l + 4 = x + 6. Let b(i) = x*r(i) + 13*j(i). Determine b(-1).
-6
Let y(b) = 1. Let i(d) = d**2 + d - 3. Let l be (-10)/(-8) + 2/(-8). Let w be 1*((-2 - -1)*1 + 3). Let z(u) = l*i(u) + w*y(u). Give z(0).
-1
Let r(p) = -17*p**2 - 8*p - 1. Let a(g) = 10*g**2 + 3*g + 2. Let m(d) = 5*a(d) + 3*r(d). Suppose -4*u = -2*z - 10, 0 = 2*z + u - 0*u + 20. Determine m(z).